-4*r + 76, -b = -4*r + 5*j + 28. What is the greatest common factor of r and 22?
22
Let s(r) = 2*r**2 - 14*r + 4. Let x be s(8). What is the greatest common divisor of 45 and x?
5
Let x(d) = 18*d**2 + 16*d + 16. Let g be x(-1). Calculate the greatest common divisor of g and 30.
6
Let x(i) = -i + 248. Let n be x(0). Let o(k) = k**2 - 5*k. Let q be o(6). Suppose -7*t = -q*t - 31. What is the greatest common divisor of t and n?
31
Suppose 0 = -2*z + 5*n - 27 + 1, -16 = -4*n. Let m be (z - -88) + 1 - -4. What is the greatest common divisor of m and 10?
10
Suppose 3*h + 3*h - 18 = 0. Let s be (1 + h)*-2*-5*2. Suppose -g - 4*g + 50 = 0. Calculate the highest common factor of g and s.
10
Let b(l) = -14*l + 33. Let g(u) = 14*u - 32. Let j(i) = -6*b(i) - 7*g(i). Let q be j(-6). What is the highest common divisor of 10 and q?
10
Suppose -4*u - 287 = -5*a, -5*u + 61 - 21 = a. Let d = a + -52. Calculate the greatest common factor of d and 3.
3
Let h(y) = -26*y - 220. Let w be h(-22). What is the highest common divisor of w and 264?
88
Let t = 438 + -390. What is the greatest common factor of 432 and t?
48
Let r = 65 - 119. Let c = -36 - r. Suppose -26 = a - 14*a. Calculate the greatest common factor of a and c.
2
Let a(n) = -n**3 + 6*n**2 + 2*n + 4. Let z = 3 - -6. Let k be (8/6)/(2/z). Let m be a(k). Calculate the greatest common divisor of 24 and m.
8
Suppose 2*n + 16 = 4*n. Let v(l) = l**2 + 0*l + 2*l - 1 + 0*l - 2. Let k be v(3). Calculate the highest common factor of k and n.
4
Let v(a) = 3*a**2 + a - 1. Let g be v(6). Let n(z) = z**2 - 35*z + 53. Let r be n(32). Let s = r + g. Calculate the highest common divisor of 28 and s.
14
Let x(c) = c**3 + 12*c**2 + 11*c + 2. Let v be x(-8). What is the greatest common divisor of 17 and v?
17
Suppose -11*i = -10*i - 2*r - 373, 5*r - 1505 = -4*i. What is the greatest common factor of 300 and i?
75
Let m = -135 + 161. Calculate the greatest common factor of m and 104.
26
Let a be (1 - (1 - -2)) + -29. Let d = a + 43. Suppose -2 = -b + d. Calculate the highest common factor of 2 and b.
2
Let w(j) = -j**3 - 6*j**2 + 6*j - 2. Let f be w(-7). Suppose 5*c + 160 = f*x, c = -3*x + 97 + 15. Calculate the highest common factor of 396 and x.
36
Suppose -a - 4*a = 0, 0 = -o + 5*a. Suppose -s + 52 - 6 = o. Let v = s + -23. Calculate the highest common factor of v and 207.
23
Suppose -2*r + 112 = d, 0 = 5*r - 9*d + 5*d - 267. What is the highest common factor of 25 and r?
5
Suppose 0 = -4*f - 5*y + 901, 783 = 4*f - 3*y - 110. Calculate the highest common divisor of 238 and f.
14
Let n(w) = -3 - 1 + 0 - 8*w + 3*w. Let p be n(-2). Calculate the greatest common factor of p and 42.
6
Let r be (-2 - (2 - 156/21))*7. Suppose -2*i + 33 = -3*d, 5*d + 47 = i + 2*i. Calculate the greatest common divisor of r and i.
24
Let j be (19/(-2) + 2)/((-1)/26). Let d = -69 + 147. What is the greatest common factor of j and d?
39
Let l = -129 + 203. Suppose -6*s + 143 - 263 = 0. Let c = s + l. What is the greatest common divisor of 18 and c?
18
Let t(b) = -35*b + 3. Let z be t(-30). Calculate the greatest common divisor of z and 81.
81
Suppose 327 + 639 = 14*x. Calculate the greatest common divisor of 69 and x.
69
Suppose 2256 + 264 = 36*i. What is the highest common divisor of i and 266?
14
Suppose 0*f = -f + 4. Let k = -59 + 64. Suppose 130 = 3*g - k*x, -4*g - f*x = -7*g + 128. What is the greatest common factor of g and 16?
8
Suppose -5*p = t - 15, -4*t + t = -5*p + 35. Suppose -8*z + 5*z = -6. Calculate the highest common factor of z and p.
2
Suppose -1428 = -4*d + 2*x, 0 = d - 5*x - 66 - 291. Suppose 7*s - d = 336. What is the greatest common divisor of s and 11?
11
Suppose 3*c + y - 47 = -c, 2*c + 4*y - 6 = 0. Suppose c = 5*r - 7. Suppose -5*i + 54 + 6 = 0. What is the greatest common factor of i and r?
4
Let w(y) = -1 - 2*y**2 + 3*y**3 + 4*y - 6*y - 6*y**3 - 8*y**3. Let m be 6/2*3/(-9). Let r be w(m). What is the greatest common factor of 60 and r?
10
Let d = 512 + -480. What is the greatest common factor of d and 2?
2
Let a = -30 - -35. Let j(u) = 2*u**2 + 6 - 2 - a*u - 2 - 3. Let v be j(5). What is the highest common factor of v and 6?
6
Let n be ((-575)/(-20) + 0)*4. Suppose -21*i = -26*i + n. What is the highest common factor of i and 253?
23
Suppose -28 - 162 = -5*q. Suppose -18*c - 1102 = -76*c. Calculate the greatest common divisor of q and c.
19
Suppose 0 + 3 = o. Suppose 5*k - 3*k - 5*c = 35, -o*k - 2*c = -5. Suppose k*q + 90 = 3*j, 5*j - j - 3*q = 120. Calculate the highest common factor of 12 and j.
6
Let p(u) = -10*u + 113. Let z be p(8). What is the highest common factor of z and 726?
33
Let h(r) be the second derivative of -r**3/3 + 5*r**2/2 - 6*r. Let v be h(-2). Suppose -2*i + 33 + v = 0. Calculate the highest common divisor of i and 42.
21
Let z be (-2)/6 - 496/(-3). Suppose -4*i + 44 = 79*w - 83*w, 0 = 5*w - 20. Calculate the greatest common factor of z and i.
15
Suppose 5*m - 268 = -248. Let d = m + 64. What is the greatest common divisor of 17 and d?
17
Let o be (-1806)/24 - (-3)/(-4). Let p = 108 + o. Let j be ((-30)/9 - 2)*-3. Calculate the highest common factor of j and p.
16
Let y = 394 + -210. Calculate the highest common factor of 46 and y.
46
Let z(u) = -u**3 + 2*u**2 + 4*u - 4. Let l be z(3). Let p = l - 0. Let o be p/7 - (-2065)/49. What is the greatest common divisor of o and 105?
21
Suppose 18309 = -6*w - 11*w. Let y = -626 - w. Calculate the greatest common divisor of y and 41.
41
Let w be (-1)/(-4) - (4305/(-20))/3. What is the greatest common divisor of w and 162?
18
Suppose 22*f - 24*f + 110 = 0. Suppose -3*g = -7 - 26. What is the highest common factor of f and g?
11
Let z(k) = 3*k**2 - 2*k + 2. Let r be z(3). Let n = r + 3. Suppose -n = -b + 5*f, -2*b - 3*f + 57 + 21 = 0. Calculate the greatest common factor of b and 24.
12
Let u(j) = -j**2 - 11*j + 12. Let o be u(-14). Let v be -1 - (15 - 0/(-2)). Let x = v - o. Calculate the highest common factor of x and 21.
7
Let y = 129 - 70. Suppose -2*g = -4*q - 74, -2*g + 0*g + q + y = 0. Calculate the greatest common divisor of 36 and g.
9
Let f be -188*(-3)/(-2)*(-7 + 6). What is the highest common divisor of f and 24?
6
Let m be (12/15)/(2/25). Let h(k) = k**3 + 5*k**2 - 6*k - 5. Let y be h(-6). Let j = y - -25. Calculate the greatest common factor of j and m.
10
Let s = 935 - 897. Let i(h) = -2*h**3 - 7*h**2 - 6*h - 2. Let k be i(-4). What is the greatest common factor of s and k?
38
Let j(n) = -n**2 - 4*n - 1. Let u be j(-5). Let q = u + 31. Let y = q - 18. Calculate the greatest common divisor of y and 35.
7
Let d = 78 + -39. Suppose 205 + 133 = 13*g. What is the highest common divisor of d and g?
13
Suppose -j = -4*t - 12, 10*j - 11*j + 11 = -3*t. What is the greatest common divisor of 268 and j?
4
Suppose 10 = -g + 4*h - 0, 3*h - 4 = -g. Let d be (-4 - (g - 1))*-2. Let z(b) = 2*b + 2. Let t be z(d). What is the highest common divisor of t and 54?
6
Let z = 90 - 78. Let o(a) = 3*a**2 + 12. Let n be o(6). Calculate the greatest common divisor of n and z.
12
Let m be (-7)/21 + (-5)/15*-7. Calculate the highest common factor of 2 and m.
2
Let m = 52 + -16. Let l be (-35 + -1)/(4*5/(-20)). Calculate the greatest common factor of m and l.
36
Let a = 144 - 275. Let k = a - -226. Suppose -k = -5*v - 0*v. What is the highest common divisor of v and 171?
19
Suppose 5*x - 28 = 1487. Suppose -3*n = -3*f + x, -408 = -7*f + 3*f + 3*n. What is the highest common divisor of f and 30?
15
Suppose 0 = -k - 4 + 7. Let p(m) = -m**2 + 3*m - 3. Let d be p(k). Let g be (-30)/(d - (-13)/5). Calculate the highest common factor of g and 30.
15
Let b be (-1 - 4) + 1 + 191. Calculate the highest common divisor of 17 and b.
17
Let r = -82 + 80. Let g be ((-4)/r - 8/6)*9. What is the highest common divisor of g and 42?
6
Suppose 2*o = -12 + 20. Let d = o - 1. Suppose d*p = -0*p + 120. Calculate the highest common divisor of 8 and p.
8
Let f(r) = r**2 - r - 1. Let t be f(5). Let v be ((-9)/(-6))/((-9)/12). Let h be -4 + 1*(158 + v). What is the highest common factor of t and h?
19
Suppose 3*f - 8*f = 90. Let p be f/(-12) - (-6)/4. Suppose -34 = -p*i + 4*b, 4*i = b + 71 - 4. What is the highest common factor of i and 2?
2
Suppose 0 = 3*x - 3*j - 15, -3*x - 3*j + 2 = -13. Suppose 